{"id":65,"date":"2023-09-19T01:59:46","date_gmt":"2023-09-18T23:59:46","guid":{"rendered":"https:\/\/evertrust.com.co\/index.php\/about\/"},"modified":"2025-10-25T00:33:11","modified_gmt":"2025-10-24T22:33:11","slug":"about","status":"publish","type":"page","link":"https:\/\/evertrust.com.co\/index.php\/about\/","title":{"rendered":"ACERCA"},"content":{"rendered":"<style>\/*! elementor - v3.16.0 - 14-09-2023 *\/<br \/>\n.elementor-heading-title{padding:0;margin:0;line-height:1}.elementor-widget-heading .elementor-heading-title[class*=elementor-size-]>a{color:inherit;font-size:inherit;line-height:inherit}.elementor-widget-heading .elementor-heading-title.elementor-size-small{font-size:15px}.elementor-widget-heading .elementor-heading-title.elementor-size-medium{font-size:19px}.elementor-widget-heading .elementor-heading-title.elementor-size-large{font-size:29px}.elementor-widget-heading .elementor-heading-title.elementor-size-xl{font-size:39px}.elementor-widget-heading .elementor-heading-title.elementor-size-xxl{font-size:59px}<\/style>\n<h1>Acerca de nosotros<\/h1>\n<h3>Experiencia y respaldo<\/h3>\n<h2>El equipo<\/h2>\n<p>Somos un equipo con la experiencia en el sector salud, con capacidades en las \u00e1reas de mercadeo m\u00e9dico, gesti\u00f3n de contenidos, ecosistemas digitales y soporte administrativo<\/p>\n<p><a href=\"#team\"><br \/>\nEquipo de trabajo<br \/>\n<\/a><\/p>\n<h2>Construyendo desde la confianza<\/h2>\n<p>Entendemos las realidades y las expectativas de los especialistas, conocemos los desaf\u00edos y preparaci\u00f3n que han logrado para llegar al nivel en el que se encuentran.<\/p>\n<p>En EVERTRUST nos adecuamos a sus expectativas y deseos, entendiendo sus procesos de trabajo, y los rodeamos de los servicios complementarios que los ayuden a lograr los mejores resultados<\/p>\n<style>\/*! elementor - v3.16.0 - 14-09-2023 *\/<br \/>\n.elementor-widget-image{text-align:center}.elementor-widget-image a{display:inline-block}.elementor-widget-image a img[src$=\".svg\"]{width:48px}.elementor-widget-image img{vertical-align:middle;display:inline-block}<\/style>\n<p><img fetchpriority=\"high\" decoding=\"async\" src=\"https:\/\/evertrust.com.co\/wp-content\/uploads\/2023\/09\/EVERTRUST-MEDICOS-1.jpg\" sizes=\"(max-width: 1200px) 100vw, 1200px\" srcset=\"https:\/\/evertrust.com.co\/wp-content\/uploads\/2023\/09\/EVERTRUST-MEDICOS-1.jpg 1200w, https:\/\/evertrust.com.co\/wp-content\/uploads\/2023\/09\/EVERTRUST-MEDICOS-1-300x132.jpg 300w, https:\/\/evertrust.com.co\/wp-content\/uploads\/2023\/09\/EVERTRUST-MEDICOS-1-1024x451.jpg 1024w, https:\/\/evertrust.com.co\/wp-content\/uploads\/2023\/09\/EVERTRUST-MEDICOS-1-768x338.jpg 768w\" alt=\"\" width=\"1200\" height=\"528\" \/><\/p>\n<h4>Alineando expectativas<\/h4>\n<p>Nos reunimos para entender la trayectoria y proyecci\u00f3n de los m\u00e9dicos especialistas<\/p>\n<h4>Plan de trabajo<\/h4>\n<p>Proponemos un plan de proyecci\u00f3n y desarrollo efectivo integral a partir de las necesidades, requerimientos y tiempos. Definimos alcances y resultados<\/p>\n<h4>Acuerdo de servicios<\/h4>\n<p>Acordamos de manera transparente la remuneraci\u00f3n de los servicios de acuerdo al alcance<\/p>\n<h4>Enfocados en la efectividad<\/h4>\n<p>Nos enfocamos en obtener resultados con agilidad y oportunidad.<\/p>\n<h3>La confianza siempre nuestra misi\u00f3n<\/h3>\n<h2>Compartimos la vocaci\u00f3n de servicio<\/h2>\n<p>Todo comienza con una pregunta:<\/p>\n<p>\u00bfC\u00f3mo s\u00ed?<\/p>\n<p>C\u00f3mo poner al alcance de pacientes en el exterior los servicios, la tecnolog\u00eda y el conocimiento de los especialistas en Colombia.<\/p>\n<p>C\u00f3mo mejorar los procesos permitiendo el enfoque en lo que mejor hacen.<\/p>\n<p>C\u00f3mo aprovechar el tiempo y los recursos sin someterse a los desgastes administrativos, legales y tributarios.<\/p>\n<p>Somos la respuesta<\/p>\n<p><a role=\"button\"><br \/>\nOur services<br \/>\n<\/a><\/p>\n<style>\/*! elementor - v3.16.0 - 14-09-2023 *\/<br \/>\nbody.elementor-page .elementor-widget-menu-anchor{margin-bottom:0}<\/style>\n<h3>Construyendo confianza<\/h3>\n<h2>team de confianza<\/h2>\n<p>We Couldn&#8217;t Do It Without Them<\/p>\n<h2>Juan Felipe Bustamente<\/h2>\n<p>CEO<\/p>\n<h2>Paula Cano<\/h2>\n<p>Coordinadora administrativa<\/p>\n<h2>Alejandra Pe\u00f1a<\/h2>\n<p>Key Account Manager<\/p>\n<h2>Isabel<\/h2>\n<p>Servicio al Cliente<\/p>\n<h2>Alejandro Rojas<\/h2>\n<p>COF<\/p>\n<h2>Carlos Cardenas<\/h2>\n<p>Director Estrategia<\/p>\n<h2>Jennie Stone<\/h2>\n<p>Social Media<\/p>\n<h2>Nichole Reed<\/h2>\n<p>Senior Designer<\/p>\n<h2>Kiara Foster<\/h2>\n<p>Head of Content<\/p>\n<h2>con la confianza de<\/h2>\n<p>Lorem ipsum dolor sit orot amet, conse ctetur adip scing elit. Proin rutrum euismod dolor, ultricies aliq luam off kool or taka ekolor.<\/p>\n<style>\/*! elementor - v3.16.0 - 14-09-2023 *\/<br \/>\n.elementor-widget-image-carousel .swiper,.elementor-widget-image-carousel .swiper-container{position:static}.elementor-widget-image-carousel .swiper-container .swiper-slide figure,.elementor-widget-image-carousel .swiper .swiper-slide figure{line-height:inherit}.elementor-widget-image-carousel .swiper-slide{text-align:center}.elementor-image-carousel-wrapper:not(.swiper-container-initialized):not(.swiper-initialized) .swiper-slide{max-width:calc(100% \/ var(--e-image-carousel-slides-to-show, 3))}<\/style>\n<figure><img decoding=\"async\" src=\"https:\/\/evertrust.com.co\/wp-content\/uploads\/2023\/09\/1.png\" alt=\"1.png\" \/><\/figure>\n<figure><img decoding=\"async\" src=\"https:\/\/evertrust.com.co\/wp-content\/uploads\/2023\/09\/14.png\" alt=\"14.png\" \/><\/figure>\n<figure><img decoding=\"async\" src=\"https:\/\/evertrust.com.co\/wp-content\/uploads\/2023\/09\/13.png\" alt=\"13.png\" \/><\/figure>\n<figure><img decoding=\"async\" src=\"https:\/\/evertrust.com.co\/wp-content\/uploads\/2023\/09\/8.png\" alt=\"8.png\" \/><\/figure>\n<figure><img decoding=\"async\" src=\"https:\/\/evertrust.com.co\/wp-content\/uploads\/2023\/09\/4.png\" alt=\"4.png\" \/><\/figure>\n<figure><img decoding=\"async\" src=\"https:\/\/evertrust.com.co\/wp-content\/uploads\/2023\/09\/3.png\" alt=\"3.png\" \/><\/figure>\n<figure><img decoding=\"async\" src=\"https:\/\/evertrust.com.co\/wp-content\/uploads\/2023\/09\/16.png\" alt=\"16.png\" \/><\/figure>\n<h4>Do you want to grow your business?<\/h4>\n<h2>we can do it together<\/h2>\n<p><a role=\"button\"><br \/>\nContact Us<br \/>\n<\/a><br \/>\n<img decoding=\"async\" src=\"https:\/\/evertrust.com.co\/wp-content\/uploads\/2023\/09\/evertrust8.jpg\" sizes=\"(max-width: 800px) 100vw, 800px\" srcset=\"https:\/\/evertrust.com.co\/wp-content\/uploads\/2023\/09\/evertrust8.jpg 800w, https:\/\/evertrust.com.co\/wp-content\/uploads\/2023\/09\/evertrust8-300x140.jpg 300w, https:\/\/evertrust.com.co\/wp-content\/uploads\/2023\/09\/evertrust8-768x359.jpg 768w\" alt=\"\" width=\"800\" height=\"374\" \/><\/p>\n","protected":false},"excerpt":{"rendered":"<p>Acerca de nosotros Experiencia y respaldo El equipo Somos un equipo con la experiencia en el sector salud, con capacidades en las \u00e1reas de mercadeo m\u00e9dico, gesti\u00f3n de contenidos, ecosistemas digitales y soporte administrativo Equipo de trabajo Construyendo desde la confianza Entendemos las realidades y las expectativas de los especialistas, conocemos los desaf\u00edos y preparaci\u00f3n [&hellip;]<\/p>\n","protected":false},"author":1,"featured_media":0,"parent":0,"menu_order":0,"comment_status":"closed","ping_status":"closed","template":"elementor_header_footer","meta":{"footnotes":""},"class_list":["post-65","page","type-page","status-publish","hentry"],"_links":{"self":[{"href":"https:\/\/evertrust.com.co\/index.php\/wp-json\/wp\/v2\/pages\/65","targetHints":{"allow":["GET"]}}],"collection":[{"href":"https:\/\/evertrust.com.co\/index.php\/wp-json\/wp\/v2\/pages"}],"about":[{"href":"https:\/\/evertrust.com.co\/index.php\/wp-json\/wp\/v2\/types\/page"}],"author":[{"embeddable":true,"href":"https:\/\/evertrust.com.co\/index.php\/wp-json\/wp\/v2\/users\/1"}],"replies":[{"embeddable":true,"href":"https:\/\/evertrust.com.co\/index.php\/wp-json\/wp\/v2\/comments?post=65"}],"version-history":[{"count":15,"href":"https:\/\/evertrust.com.co\/index.php\/wp-json\/wp\/v2\/pages\/65\/revisions"}],"predecessor-version":[{"id":285,"href":"https:\/\/evertrust.com.co\/index.php\/wp-json\/wp\/v2\/pages\/65\/revisions\/285"}],"wp:attachment":[{"href":"https:\/\/evertrust.com.co\/index.php\/wp-json\/wp\/v2\/media?parent=65"}],"curies":[{"name":"wp","href":"https:\/\/api.w.org\/{rel}","templated":true}]}}